erivative of j**4/4 + 4*j**3/3 - 11*j**2/2 + 2*j - 1055. Calculate w(-6).
-4
Let b be (-548)/(-4110) - 124/30. Let a(c) = c + 3. Determine a(b).
-1
Suppose -37 = -4*z + 3*n, -z + 18*n - 17*n + 11 = 0. Let g(t) be the third derivative of 0*t + 0 - t**3 - 3*t**2 + 1/24*t**4. Give g(z).
-2
Let n(d) = 15*d - 73. Let a be n(5). Let i be 2/2*(6 - 1). Suppose 0 = r + a - i. Let o(l) = l**3 - 4*l**2 + 1. Determine o(r).
-8
Let q(n) = -n - 6. Let x(u) = 2*u + 13. Let p(o) = 3*o - 13. Let s be p(6). Suppose s*m = 20 + 10. Let c(v) = m*x(v) + 13*q(v). Give c(-3).
3
Let s(u) = 144 - 270 + u + 4*u - 12*u**2 + 128. What is s(-2)?
-56
Let q(s) = -2*s**2 + 6*s - 8. Let t(w) = -w**2 - 6. Let c(k) = q(k) - t(k). Suppose 4*r = 4 + 12. What is c(r)?
6
Let n(u) = -25*u**2 + 2*u + 1. Let t(r) = 12*r - 130. Let h be t(11). Suppose s + 4 = -8*j + 6*j, 0 = -h*j - 3*s - 8. Give n(j).
-26
Let r(k) = -4 + 9*k**2 + 74537*k**3 - 74538*k**3 - 17*k**2 + 12*k. Calculate r(-10).
76
Let c(v) be the first derivative of -v**4/4 + 3*v**3 + 9*v**2/2 - 5*v + 357. What is c(10)?
-15
Let i be (-18)/(-21) - 3525/(-175). Suppose -i = 5*b - 1. Let d(m) = -m + 2. Calculate d(b).
6
Suppose 2*t = -43 + 37, -i = -2*t - 13. Let m(l) be the second derivative of 0 + 2*l + 3/2*l**2 + 2/3*l**4 - 1/20*l**5 - l**3. Calculate m(i).
10
Let p(v) = 12*v - 46. Let a be p(-9). Let n be a/28*(-2)/(-1). Let r(j) = -j**2 - 11*j + 1. Calculate r(n).
1
Suppose -3*o - 1 = 4*g - 21, g = 5*o - 18. Let d(c) be the first derivative of c**3/3 - c**2/2 + 2*c + 834. Give d(g).
4
Let g(c) = -2. Let r(f) = -6*f**2 - 3*f + 21. Let x(t) = -9*g(t) - r(t). Let a be ((-4 - -36)/(-8))/(-2). Determine x(a).
27
Let b(f) = -14*f - f**3 - 1540 + 805 + 6*f**2 + 743. Determine b(4).
-16
Suppose -5*t = 2*q - 21, -t - 5*q + 3162 = 3167. Let p(c) be the first derivative of -1 + 5/3*c**3 + 7*c - 3/2*c**2 - 1/4*c**4. Give p(t).
-8
Let d(o) = 2 + 21 + 321*o - 322*o - 10. What is d(8)?
5
Let p be 485/(-45) + 118/(-531). Let o(n) = n**3 + 12*n**2 + 12*n + 32. Calculate o(p).
21
Let l(r) = 15*r**2 - 31*r + 1. Let s(p) = -33*p**2 + 63*p - 2. Let g(m) = -7*l(m) - 3*s(m). Give g(5).
-11
Let k(j) = 4*j**2 - 51*j - 53. Let w(g) = g**3 + 7*g**2 - 36*g - 253. Let d be w(-6). Give k(d).
2
Let s(z) be the first derivative of z**3/3 - 2*z**2 - 1201. Determine s(-3).
21
Let n(j) = j**3 - 31*j**2 - 104*j + 2. Let o be n(-3). Let u(s) = 2*s**3 - 17*s**2 + 8*s - 10. What is u(o)?
-10
Let l(a) be the second derivative of -a**4/12 + a**3/3 + 14*a**2 + 1780*a. Calculate l(6).
4
Let w(p) = -2*p**3 - 16*p**2 - p + 8. Suppose 37*z = 31*z - 48. Give w(z).
16
Suppose 0 = 4*l + l + 3*r - 40, -2*l = -2*r. Let y(o) = -29*o + 224. Let c(d) = 25*d - 193. Let h(p) = -7*c(p) - 6*y(p). Determine h(l).
2
Suppose 4*u - 2*q = -46 + 30, -2*q + 19 = -5*u. Let s(c) = -3*c**2 - 10*c + 2. Determine s(u).
5
Let b(i) = -30*i**2 + 7 - i**2 + 30*i**2 - 6*i. Give b(-8).
-9
Let z(q) = 19 + 0 - 11 + 2*q - 6. Suppose 3*c - 19 = -1. Let y(d) = -d - 1. Let s(i) = c*y(i) + 4*z(i). Give s(-2).
-2
Let h = -36 - -41. Suppose -5*v = -5*c + 40, -15 = -5*c - v - h. Suppose -i = -5*o + 3, c*o - i + 4*i = 9. Let n(j) = -7*j**3 + 2*j - 1. Give n(o).
-6
Let c(g) be the third derivative of 0 + 11/6*g**3 - 3/20*g**5 - 7/24*g**4 - 157*g**2 + 0*g - 1/120*g**6. Calculate c(-8).
3
Suppose -5*v + 17 = 4*u, -2 - 16 = -5*u - 3*v. Let x(j) = -6*j + 26. Determine x(u).
8
Let z be -8 - (4*49/(-28) + 15). Let i(g) = -g**3 - 16*g**2 + g + 18. What is i(z)?
2
Let z be (0 - 1)/3*3. Let a(i) = 6 + 52 - i - 67 + 12 + 5*i. What is a(z)?
-1
Let n = -2 - 1. Let h be n*(-2)/9*-3. Let r(x) = -x**2 - 10*x - 77. Let z(q) = 6*q**2 + 62*q + 477. Let l(a) = -31*r(a) - 5*z(a). Determine l(h).
6
Let j(h) = 9*h**2 - 10*h + 13. Let m(p) = 11*p**2 - 12*p + 18. Let t(v) = 6*j(v) - 5*m(v). Give t(0).
-12
Let f = 551 - 548. Let k(m) = 1. Let q(h) = -h + 1. Let g(z) = 4*k(z) - 5*q(z). Give g(f).
14
Let i(z) be the third derivative of -1/2*z**3 - 2*z**2 + 1/60*z**5 + 0 - 7*z + 1/24*z**4. Determine i(-2).
-1
Let s(i) = -2*i**2 + 5*i + 3. Suppose -33*c + 29*c + 4 = -2*f, -2*c - 3*f = -10. Let z(h) = h**3 + 2*h**2 - 6*h + 1. Let m be z(c). Calculate s(m).
-22
Let b(c) = -c**2 - 25. Let z = 216 - 216. Let q be (6/(-48)*z)/7. Determine b(q).
-25
Let h(g) = 2*g + 17. Let b be h(16). Let c = b - 46. Suppose -8 = c*o - 23. Let u(x) = -x**2 + 5*x - 4. What is u(o)?
-4
Let g(z) = 4*z**2 + 15*z + 16. Let a(t) = 7*t**2 + 28*t + 30. Let b(o) = 3*a(o) - 5*g(o). Let l = 3 - 2. Let x be (-1 + l - 9) + 1. Give b(x).
2
Let r(i) be the second derivative of -i**6/360 + i**5/12 - 3*i**4/8 + 19*i**3/6 + i**2 + 11*i + 2. Let h(s) be the second derivative of r(s). Calculate h(6).
15
Let c be (-2)/(-3)*2/(4/138). Suppose -z - 20 = -c. Let y(l) = 1 + 21*l + z*l - 3 - 48*l. Determine y(3).
-5
Let v = -235 - -119. Let h = -54 - v. Let r(s) = 6 - 5 - h*s + 61*s + 2*s**2 + s**3. Determine r(-3).
-5
Let c(z) = 3*z**2 + z - 11. Let q(k) = -21*k**2 - 7*k + 84. Let b(o) = -15*c(o) - 2*q(o). Determine b(-3).
-27
Let j(y) be the third derivative of y**6/120 + y**5/20 - y**4/12 + y**3/2 - 136*y**2. Let a(s) = -2*s - 32. Let z be a(-14). What is j(z)?
-5
Let t(b) = -b**3 - 5*b**2 + 8*b + 7. Suppose 3*h + h + 100 = d, 5*d + 5*h = 500. Suppose 0*n + 2*a - 86 = -4*n, d = 5*n + a. Suppose -11 = 5*y + n. Give t(y).
-5
Suppose -24*s = 254 - 38. Let n(l) = l**3 + 9*l**2 + 12. Give n(s).
12
Suppose -52*w + 29*w = 506. Let p(q) = 3*q**2 + 68*q + 47. Give p(w).
3
Let l(q) = q - 13. Let v(s) = 3*s - 8. Let z be v(4). Let j be (z/(-5))/((-6)/30). Suppose 4*c - 8 = 0, 3*u = -0*u + j*c + 13. Calculate l(u).
-6
Let p(r) = 221*r + 1328. Let a be p(-6). Let g(o) = -7*o**2 + 7*o + 3. Give g(a).
-11
Let q(r) = -29 + 44 - 40 - 25*r - 52. Determine q(-4).
23
Let t(m) = -m - 14. Let k be 2/(-7) - (-1 - (-30)/42). Suppose -3*y - 24 = 3*q, k = y + 12*q - 7*q + 4. Calculate t(y).
-5
Suppose 0 = -1385*z + 1416*z - 20 - 104. Let x(m) = -8*m + 32. Determine x(z).
0
Let f(m) = m**3 + 29*m**2 + 56*m + 42. Let u be (-18)/7*(-4116)/(-392). What is f(u)?
-12
Let v = -112 + 114. Let x(m) = 3*m - v*m - 5*m - 3 - 1 - m**2. What is x(-6)?
-16
Let p(o) = -7*o + 67. Let g(a) = -5*a**2 + 34*a + 110. Let l be g(9). Calculate p(l).
-10
Let v(l) be the second derivative of -5*l**3/6 - 7*l**2/2 + l. Suppose 1028*i - 165*i + 5060 = -149*i. Determine v(i).
18
Let l(k) = 2*k**3 + 3*k**2 + 3. Let f(v) = 17*v + 24. Let a be f(-1). Suppose 0 = 19*j - a*j + 36. What is l(j)?
-24
Let i(x) = -x**3 + 7*x**2 + x - 7. Let p(j) = -j**3 - 5*j**2 - 3. Let u be p(-6). Let h = u - 25. Let a be 46/6 - 5*h/60. What is i(a)?
0
Let w(m) be the third derivative of -m**5/30 + 13*m**4/12 + 11*m**3/3 + 14*m**2 - 2. Give w(14).
-6
Suppose -9*b - 175 = -2*b. Let z = b - 1. Let c be (-1 - 1)*39/z + -3. Let r(f) = f**2 + f. Calculate r(c).
0
Suppose o = -m - 15, 4*o = 4*m + 47 - 107. Let i(s) = -2*s - 34. Give i(o).
-4
Suppose 0 = -5*a + 9*k - 8*k + 125, 2*a - 3*k = 63. Let m(b) = 24*b - 65*b + a*b + 5 + 19*b. Calculate m(-3).
-1
Let l(v) = -31*v - 113. Suppose 3 = -3*u, 3*f + 2*u + 20 = 6. Let s be l(f). Let c(y) = -y**3 + 11*y**2 - y + 6. Give c(s).
-5
Let f(a) = -a - 6. Let d be 9 - (32/(-12) - -3)*3. Suppose 137*t = 133*t - d. Determine f(t).
-4
Let l(d) be the first derivative of -d**6/120 + 7*d**5/60 - 5*d**3/6 + 291*d**2/2 + 202. Let c(t) be the second derivative of l(t). What is c(7)?
-5
Let c(w) be the first derivative of -1/2*w**2 - w + 78 - 2/3*w**3. Determine c(-1).
-2
Let n(g) = -293*g - 306*g + 898*g - 293*g + 13. What is n(-4)?
-11
Let n(x) be the third derivative of -7*x**5/60 + 37*x**4/8 + 7*x**3/2 + 3127*x**2. Calculate n(16).
5
Suppose 0*z + z = -2*z. Suppose 24*n - 23*n = z. Let h(c) = -31 + 12 + 12 + c**3. Determine h(n).
-7
Let h(d) = -d**3 - d**2 - d - 6. Let q be 7/(-6) + ((-2300)/(-120) - 20). Calculate h(q).
0
Let x = -981 - -989. Let c(b) = -2*b**2 + 2*b**2 - 9 + 11*b + 2*b**2 - 3*b**2. Give c(x).
15
Let a be 32/40 + 88/40. Let r(g) = -23*g + 62. Determine r(a).
-7
Suppose -282*c - 37*c - 4110 = -45*c. Let o(s) = -s - 47. Determine o(c).
-32
Let f(v) = 5*v**3 - 29*v**2 - 47*v - 34. Let u(g) = 13*g**3 - 58*g**2 - 90*g - 69. Let m(t) = 5*f(t) - 2*u(t). Calculate m(-27).
-5
Let p(c) = -1. Suppose -r + 0*x - 2*x + 3